 factors of 50468412?
2, 3, 43, 47, 2081
List the prime factors of 164450516.
2, 41112629
What are the prime factors of 54522951?
3, 7, 19, 136649
List the prime factors of 34050075.
3, 5, 107, 4243
What are the prime factors of 73342493?
7, 10477499
What are the prime factors of 225302919?
3, 83, 479, 1889
What are the prime factors of 440741951?
13, 4007, 8461
List the prime factors of 1614120553.
1614120553
What are the prime factors of 1165237984?
2, 743, 49009
List the prime factors of 742664892.
2, 3, 31, 1996411
What are the prime factors of 2958262633?
17, 1979, 87931
List the prime factors of 534333318.
2, 3, 47, 251, 7549
List the prime factors of 89666305.
5, 23, 779707
What are the prime factors of 258725344?
2, 23, 351529
What are the prime factors of 677023758?
2, 3, 464351
List the prime factors of 51346304.
2, 23, 107, 163
List the prime factors of 171907324.
2, 42976831
List the prime factors of 47283927.
3, 47, 335347
What are the prime factors of 16414766?
2, 8207383
List the prime factors of 117795580.
2, 5, 7, 841397
What are the prime factors of 73761083?
11, 6705553
What are the prime factors of 186229453?
186229453
What are the prime factors of 1922832232?
2, 1609, 149381
What are the prime factors of 645382815?
3, 5, 7, 11, 17, 32869
What are the prime factors of 514896694?
2, 13, 19, 80177
What are the prime factors of 1915708211?
953, 2010187
What are the prime factors of 49151200?
2, 5, 7, 67, 131
What are the prime factors of 61986845?
5, 17, 729257
What are the prime factors of 770266276?
2, 13, 61, 139, 1747
List the prime factors of 599819087.
7, 1657, 51713
List the prime factors of 14065529.
19, 577, 1283
What are the prime factors of 457486283?
457486283
List the prime factors of 1795036824.
2, 3, 7, 3561581
List the prime factors of 23398412.
2, 5849603
List the prime factors of 47849079.
3, 15949693
List the prime factors of 202003105.
5, 41, 647, 1523
List the prime factors of 117733898.
2, 197, 298817
What are the prime factors of 128495605?
5, 7, 17, 215959
List the prime factors of 3842204123.
30703, 125141
List the prime factors of 19538301.
3, 6512767
List the prime factors of 94818961.
53, 1789037
List the prime factors of 373544466.
2, 3, 1289, 48299
List the prime factors of 2844064920.
2, 3, 5, 1619, 14639
List the prime factors of 125141436.
2, 3, 7, 23, 2399
List the prime factors of 137420302.
2, 1019, 67429
What are the prime factors of 3063555290?
2, 5, 53, 5780293
What are the prime factors of 65133276?
2, 3, 13, 32117
List the prime factors of 1856017344.
2, 3, 9666757
List the prime factors of 29107784.
2, 3638473
What are the prime factors of 29302318?
2, 607, 24137
What are the prime factors of 69399621?
3, 7711069
List the prime factors of 2960769651.
3, 7, 71, 101, 19661
List the prime factors of 210419176.
2, 11, 2391127
List the prime factors of 251617402.
2, 367, 342803
List the prime factors of 136726432.
2, 19, 53, 4243
What are the prime factors of 2613632327?
59, 44298853
List the prime factors of 378931406.
2, 7, 3866647
List the prime factors of 875322645.
3, 5, 887, 65789
What are the prime factors of 132096246?
2, 3, 19, 53, 21863
What are the prime factors of 386752511?
487, 794153
What are the prime factors of 347367654?
2, 3, 2707, 7129
What are the prime factors of 141728522?
2, 13, 5451097
What are the prime factors of 75248491?
37, 2033743
List the prime factors of 259752123.
3, 109, 88261
What are the prime factors of 34789173?
3, 59, 196549
What are the prime factors of 1197021055?
5, 239404211
What are the prime factors of 407403923?
83, 4908481
List the prime factors of 35926417.
3881, 9257
List the prime factors of 152634049.
19, 23, 31, 593
List the prime factors of 970045578.
2, 3, 557, 32251
What are the prime factors of 222403672?
2, 31, 151, 5939
List the prime factors of 6841783944.
2, 3, 95024777
What are the prime factors of 789555?
3, 5, 13, 4049
What are the prime factors of 126827679?
3, 11, 19, 202277
What are the prime factors of 1095151028?
2, 273787757
List the prime factors of 8530290.
2, 3, 5, 94781
What are the prime factors of 194622473?
2459, 79147
List the prime factors of 23316479.
23316479
What are the prime factors of 322756420?
2, 5, 7, 19, 67, 1811
List the prime factors of 20188512.
2, 3, 70099
List the prime factors of 33431362.
2, 3209, 5209
List the prime factors of 46648545.
3, 5, 937, 3319
What are the prime factors of 205833437?
157, 277, 4733
What are the prime factors of 5218553?
5218553
List the prime factors of 168647302.
2, 113, 746227
What are the prime factors of 9478971?
3, 569, 617
What are the prime factors of 35186297?
23, 37, 173, 239
What are the prime factors of 73308316?
2, 1049, 17471
What are the prime factors of 991667123?
41, 24187003
What are the prime factors of 25466090?
2, 5, 13, 195893
List the prime factors of 602134306.
2, 89, 3382777
List the prime factors of 695569088.
2, 79, 137573
List the prime factors of 42558360.
2, 3, 5, 13, 27281
List the prime factors of 237846959.
7, 19, 79, 22637
What are the prime factors of 31953497?
19, 149, 11287
What are the prime factors of 377282430?
2, 3, 5, 7, 19, 43, 733
What are the prime factors of 561034708?
2, 13, 63841
List the prime factors of 3617140563.
3, 23, 5824703
List the prime factors of 15853857.
3, 5284619
What are the prime factors of 2345029942?
2, 569, 881, 2339
What are the prime factors of 758373223?
71, 1051, 10163
List the prime factors of 553993317.
3, 19, 883, 1223
List the prime factors of 46694084.
2, 173, 67477
What are the prime factors of 575196962?
2, 29, 1031, 9619
What are the prime factors of 50049326?
2, 17, 313, 4703
List the prime factors of 93395312.
2, 29, 31, 43, 151
List the prime factors of 468996285.
3, 5, 19, 1645601
What are the prime factors of 24074954?
2, 41, 331, 887
What are the prime factors of 24389657?
1783, 13679
List the prime factors of 5856028.
2, 19, 29, 2657
What are the prime factors of 1277427730?
2, 5, 53, 73, 137, 241
What are the prime factors of 54087961?
67, 12049
List the prime factors of 1538878892.
2, 384719723
What are the prime factors of 1828268557?
47, 38899331
List the prime factors of 582586221.
3, 7, 27742201
What are the prime factors of 22165897?
13, 83, 20543
List the prime factors of 90132076.
2, 22533019
List the prime factors of 7314462.
2, 3, 163, 277
What are the prime factors of 1852077582?
2, 3, 47, 307, 2377
List the prime factors of 307986025.
5, 17, 83, 8731
What are the prime factors of 58653397?
11, 5332127
List the prime factors of 155926176.
2, 3, 7, 17, 13649
List the prime factors of 135668002.
2, 67834001
List the prime factors of 321662360.
2, 5, 23, 43, 47, 173
List the prime factors of 66444062.
2, 101, 328931
List the prime factors of 304812126.
2, 3, 1049, 5381
List the prime factors of 186118789.
186118789
List the prime factors of 738512379.
3, 11, 7459721
What are the prime factors of 528289560?
2, 3, 5, 489157
List the prime factors of 79610857.
271, 293767
What are the prime factors of 1677410021?
7, 239630003
What are the prime factors of 904068776?
2, 13, 101, 86069
List the prime factors of 776791166.
2, 17, 41, 67, 8317
List the prime factors of 5950070262.
2, 3, 6959, 47501
List the prime factors of 37442310.
2, 3, 5, 439, 2843
List the prime factors of 1063436511.
3, 97, 3654421
List the prime factors of 929500832.
2, 13, 41, 54497
What are the prime factors of 185155800?
2, 3, 5, 421, 733
What are the prime factors of 203258652?
2, 3, 1093, 15497
What are the prime factors of 751628266?
2, 375814133
What are the prime factors of 146920591?
251, 585341
List the prime factors of 236231857.
236231857
What are the prime factors of 85999419?
3, 11, 157, 503
What are the prime factors of 76145938?
2, 11, 29, 41, 71
What are the prime factors of 1265369830?
2, 5, 126536983
List the prime factors of 4310596.
2, 53, 20333
What are the prime factors of 416360738?
2, 313, 665113
List the prime factors of 2085753826.
2, 13, 5431, 14771
List the prime factors of 2395829740.
2, 5, 119791487
List the prime factors of 35604409.
17, 2094377
List the prime factors of 330096615.
3, 5, 467, 47123
What are the prime factors of 1267670209?
13, 37, 2635489
List the prime fac